{"id":61,"date":"2015-12-23T19:01:48","date_gmt":"2015-12-23T18:01:48","guid":{"rendered":"http:\/\/www.lion-of-judah.eu\/mm\/?page_id=61"},"modified":"2018-09-18T09:56:16","modified_gmt":"2018-09-18T07:56:16","slug":"ueber-uns","status":"publish","type":"page","link":"https:\/\/mm.lion-of-judah.net\/?page_id=61","title":{"rendered":"\u00dcber uns!"},"content":{"rendered":"<p style=\"text-align: left;\">Der Dienstbereich &#8222;Lion of Judah MM&#8220; ist ein <b>Motorcycle Ministry<\/b> &#8211; das hei\u00dft, alle die dazu geh\u00f6ren sind nicht nur aktive Mitglieder von Lion of Judah &#8211; sondern auch Biker und haben ein Herz f\u00fcr die Menschen in der Szene . Alle Mitglieder haben erfahren, dass die einzige Basis f\u00fcr ein erf\u00fclltes Leben eine lebendige Beziehung mit Jesus Christus, dem Sohn Gottes ist. Die Annahme der Vergebung durch den Kreuzestod Jesu erm\u00f6glicht ein wirkliches und ewiges Leben durch die Ver\u00e4nderung des Heiligen Geistes. So ist es m\u00f6glich in einer Dienstgemeinschaft f\u00fcr andere da zu sein &#8211; und dies zeichnet einen Ministry aus.<\/p>\n<p style=\"text-align: left;\">Die Full Member tragen ein dreiteiliges Color &#8211; als Zeugnis ihres pers\u00f6nlichen Glaubens, als Zeichen der Bruderschaft untereinander und der Zugeh\u00f6rigkeit zur sogenannten &#8222;Rocker Szene&#8220; und deren Regeln.<\/p>\n<p style=\"text-align: center;\">Den &#8222;Top Rocker&#8220; (Schriftzug oben) <b>Lion of Judah<\/b>,<\/p>\n<p><img loading=\"lazy\" decoding=\"async\" class=\"aligncenter size-medium wp-image-1358\" src=\"http:\/\/mm.lion-of-judah.net\/wp-content\/uploads\/sites\/3\/2018\/08\/toprocker-300x101.gif\" alt=\"\" width=\"300\" height=\"101\" \/><\/p>\n<p style=\"text-align: center;\">in der Mitte den L\u00f6wen dessen Tatze auf der Weltkugel ruht,<br \/>\n<img loading=\"lazy\" decoding=\"async\" class=\"aligncenter size-medium wp-image-1276\" src=\"http:\/\/mm.lion-of-judah.net\/wp-content\/uploads\/sites\/3\/2018\/08\/lionglobe-176x300.gif\" alt=\"\" width=\"176\" height=\"300\" \/><\/p>\n<p style=\"text-align: center;\"><i><b>Jesaja 66, 1<br \/>\n<\/b>&#8230; Der Himmel ist mein Thron und die Erde der Schemel meiner F\u00fc\u00dfe &#8230;<br \/>\n<\/i><br \/>\nund unten den &#8222;Bottom Rocker&#8220; (Schriftzug unten) <b>Jesus is Lord.<\/b><\/p>\n<p><img loading=\"lazy\" decoding=\"async\" class=\"aligncenter size-medium wp-image-1079\" src=\"http:\/\/mm.lion-of-judah.net\/wp-content\/uploads\/sites\/3\/2018\/08\/bottomrocker-300x89.gif\" alt=\"\" width=\"300\" height=\"89\" \/><\/p>\n<p>Zwischen den Membern gelten die biblischen Grunds\u00e4tze der Bruderliebe, Treue, Respekt und Ehrlichkeit &#8211; ein Verhaltenscodex auf Basis der Lehre Jesu im Neuen Testament. Zu finden ist dies im Besonderen in der &#8222;sogenannten&#8220; Bergpredigt im Matth\u00e4usevangelium in den Kapiteln 5 &#8211; 7.<\/p>\n<h3 style=\"text-align: center;\">Netzwerk<\/h3>\n<p>Als Motorcycle Ministry arbeiten wir gemeinsam mit anderen Motorcycle Ministries auf nationaler und internationaler Ebene. Nach au\u00dfen hin sollten Christen, wie es Jesus beschreibt, an der Liebe untereinander erkannt werden.<\/p>\n<p><i><b>Johannes 13,35<br \/>\n<\/b>Daran werden alle erkennen, dass ihr meine J\u00fcnger seid, wenn ihr Liebe untereinander habt.<\/i><\/p>\n<h3 style=\"text-align: center;\">Aktivit\u00e4ten<\/h3>\n<p>Was tun wir denn so? Nur Motorrad fahren, &#8222;Bibel werfen&#8220;, beten, reden? &#8211;<strong> Nein!<\/strong><br \/>\nNeben den gemeinsamen Treffen und Touren verbringen wir Zeit mit Menschen aus der Szene. Wir sind vorort\u00a0 auf Treffen, Partys, City Runs, Open Houses, Hochzeiten, Beerdigungen, also Events aus allen Lebensbereichen &#8211; \u00fcberall da wo wir willkommen sind.<br \/>\nDort teilen wir unser Leben und unsere Erfahrungen mit anderen und leben unseren Glauben wie Jesus es vorgemacht hat. Er war mit Sicherheit kein &#8222;Spie\u00dfer&#8220;, wirkliche Probleme hatte er nur mit den ultrareligi\u00f6sen Typen (Pharis\u00e4ern, Sadduz\u00e4ern &#8230;) die sich f\u00fcr etwas besseres hielten und herrschen wollten.<br \/>\nIm Gegensatz zu ihnen war er auf den verschiedensten Events ein gern gesehener Gast. Sein erstes \u00fcberliefertes Wunder fand auf einer Hochzeit statt, bei der er mindestens 300 Liter Wasser in feinsten Wein verwandelte, und dies zu einem Zeitpunkt als keiner der G\u00e4ste mehr in der Lage war den Qualit\u00e4tsunterschied zu schmecken \ud83d\ude09<\/p>\n<h3 style=\"text-align: center;\">Mission &#8211;<strong>Here for You!<\/strong><\/h3>\n<p>Lion of Judah MM ist eine Dienstgemeinschaft von Bikern. Er besitzt f\u00fcr seine Member keinen Selbstzweck, sondern ist ein Dienst (engl. Ministry) von und f\u00fcr Biker in in allen Lebenslagen. Seien es gute, freudige, bedr\u00fcckende oder traurige Anl\u00e4sse, die Member gestalten dies auf ganz pers\u00f6nlich mit Dir abgestimmte Art und Weise.<br \/>\nWir unterst\u00fctzen einfach \u00fcberall wo wir k\u00f6nnen und Ihr uns braucht! Im Rahmen dessen wollen wir allen Bikern unsere Freundschaft anbieten, um Euch kennen zu lernen besuchen wir auch gerne Veranstaltungen von anderen Clubs.<\/p>\n<h3 style=\"text-align: center;\"><b>Unser Verh\u00e4ltnis zu s\u00e4kularen Clubs<\/b><\/h3>\n<p>Lion of Judah Motorcycle Ministry steht dem ganzen Clubgeschehen absolut neutral gegen\u00fcber und stellt keinerlei Gebietsanspr\u00fcche.<br \/>\nWir pflegen pers\u00f6nliche Freundschaften mit Membern aller Clubs und besuchen die Veranstaltungen der verschiedensten Clubs.<br \/>\nWas wir dabei erfahren bleibt auch bei uns, Loyalit\u00e4t ist ein absolutes Muss f\u00fcr jedes einzelne Member von Lion of Judah MM.<\/p>\n<h1 style=\"text-align: center;\"><strong>Wir supporten allein Jesus Christus \u2013 sonst nichts und niemanden!<\/strong><\/h1>\n<h3 style=\"text-align: center;\"><b>Locations<\/b><\/h3>\n<p>Wir sind an verschiedenen Orten in Deutschland vertreten und weitere Chapter entstehen weltweit.<\/p>\n<p><img loading=\"lazy\" decoding=\"async\" src=\"http:\/\/mm.lion-of-judah.net\/wp-content\/uploads\/sites\/3\/2018\/08\/20121109_BU_Info_Germany-300x214.jpg\" alt=\"\" width=\"300\" height=\"214\" class=\"aligncenter size-medium wp-image-1411\" srcset=\"https:\/\/mm.lion-of-judah.net\/wp-content\/uploads\/sites\/3\/2018\/08\/20121109_BU_Info_Germany-300x214.jpg 300w, https:\/\/mm.lion-of-judah.net\/wp-content\/uploads\/sites\/3\/2018\/08\/20121109_BU_Info_Germany.jpg 496w\" sizes=\"auto, (max-width: 300px) 100vw, 300px\" \/><\/p>\n<p><a href=\"https:\/\/www.facebook.com\/pages\/Lion-of-Judah-MM\/280154975685\" target=\"_blank\" rel=\"noopener\">Visit us on Facebook<\/a><\/p>\n","protected":false},"excerpt":{"rendered":"<p>Der Dienstbereich &#8222;Lion of Judah MM&#8220; ist ein Motorcycle Ministry &#8211; das hei\u00dft, alle die dazu geh\u00f6ren sind nicht nur aktive Mitglieder von Lion of Judah &#8211; sondern auch Biker und haben ein Herz f\u00fcr die Menschen in der Szene . Alle Mitglieder haben erfahren, dass die einzige Basis f\u00fcr ein erf\u00fclltes Leben eine lebendige [&hellip;]<\/p>\n","protected":false},"author":3,"featured_media":0,"parent":0,"menu_order":0,"comment_status":"closed","ping_status":"closed","template":"","meta":{"footnotes":""},"class_list":["post-61","page","type-page","status-publish","hentry"],"_links":{"self":[{"href":"https:\/\/mm.lion-of-judah.net\/index.php?rest_route=\/wp\/v2\/pages\/61","targetHints":{"allow":["GET"]}}],"collection":[{"href":"https:\/\/mm.lion-of-judah.net\/index.php?rest_route=\/wp\/v2\/pages"}],"about":[{"href":"https:\/\/mm.lion-of-judah.net\/index.php?rest_route=\/wp\/v2\/types\/page"}],"author":[{"embeddable":true,"href":"https:\/\/mm.lion-of-judah.net\/index.php?rest_route=\/wp\/v2\/users\/3"}],"replies":[{"embeddable":true,"href":"https:\/\/mm.lion-of-judah.net\/index.php?rest_route=%2Fwp%2Fv2%2Fcomments&post=61"}],"version-history":[{"count":3,"href":"https:\/\/mm.lion-of-judah.net\/index.php?rest_route=\/wp\/v2\/pages\/61\/revisions"}],"predecessor-version":[{"id":1448,"href":"https:\/\/mm.lion-of-judah.net\/index.php?rest_route=\/wp\/v2\/pages\/61\/revisions\/1448"}],"wp:attachment":[{"href":"https:\/\/mm.lion-of-judah.net\/index.php?rest_route=%2Fwp%2Fv2%2Fmedia&parent=61"}],"curies":[{"name":"wp","href":"https:\/\/api.w.org\/{rel}","templated":true}]}}