{"id":182,"date":"2015-12-26T19:11:47","date_gmt":"2015-12-26T18:11:47","guid":{"rendered":"http:\/\/www.lion-of-judah.eu\/mm\/?page_id=182"},"modified":"2018-09-18T14:25:11","modified_gmt":"2018-09-18T12:25:11","slug":"spirit-stations","status":"publish","type":"page","link":"https:\/\/mm.lion-of-judah.net\/?page_id=182","title":{"rendered":"Sp(i)rit Stations"},"content":{"rendered":"<p><img loading=\"lazy\" decoding=\"async\" src=\"http:\/\/mm.lion-of-judah.net\/wp-content\/uploads\/sites\/3\/2018\/08\/Unbenannt-3-Kopie.png\" alt=\"\" width=\"138\" height=\"222\" class=\"aligncenter size-full wp-image-1364\" \/><\/p>\n<p>Wir wollen lokale Gemeinde leben, auf der Basis des Neuen Testaments und der Lehren Jesus, was wir keinesfalls m\u00f6chten &#8211; Institution sein oder werden. Deshalb m\u00f6chten wir euch gerne zu unseren Spirit Stations einladen, Spirit Stations sind ein Treffpunt f\u00fcr uns und alle die kommen m\u00f6chten.<br \/>\nJede Spirit Station ist einzigartig weil wir alle einzigartig sind, hier m\u00f6chten wir Jesus erleben!<\/p>\n<p>Wir hangen dabei nicht nur miteinander ab, sonder schauen in\u00b4s &#8222;schlaue Buch&#8220; um zu sehen was uns der &#8222;Alte&#8220; zu sagen hat. Es darf auch gelacht oder geheult werden, ist aber kein Zwang. \ud83d\ude0e<br \/>\nDabei sind wir sind nicht religi\u00f6s verstrahlt, glauben allerdings dass unser Daddy nen mega geilen Plan f\u00fcr jeden von uns hat. Hier beten wir auch f\u00fcr pers\u00f6nlichen Kram, von der Krankheit der Hauskatze bis zum neuen Chopper, bei diesen Treffen sind alle eingeladen ob Biker oder nicht.<\/p>\n<p>Diese sogenannten Spirit Stations werden in verschiedenen Areas zu unterschiedlichen Zeiten angeboten, falls du Interesse hast dort auf zuschlagen, setz Dich mit uns in Verbindung, du erh\u00e4ltst dann die n\u00f6tigen Infos wie Tag, Location und Zeit.<\/p>\n<p>&nbsp;<\/p>\n","protected":false},"excerpt":{"rendered":"<p>Wir wollen lokale Gemeinde leben, auf der Basis des Neuen Testaments und der Lehren Jesus, was wir keinesfalls m\u00f6chten &#8211; Institution sein oder werden. Deshalb m\u00f6chten wir euch gerne zu unseren Spirit Stations einladen, Spirit Stations sind ein Treffpunt f\u00fcr uns und alle die kommen m\u00f6chten. Jede Spirit Station ist einzigartig weil wir alle einzigartig [&hellip;]<\/p>\n","protected":false},"author":3,"featured_media":0,"parent":0,"menu_order":0,"comment_status":"closed","ping_status":"closed","template":"","meta":{"footnotes":""},"class_list":["post-182","page","type-page","status-publish","hentry"],"_links":{"self":[{"href":"https:\/\/mm.lion-of-judah.net\/index.php?rest_route=\/wp\/v2\/pages\/182","targetHints":{"allow":["GET"]}}],"collection":[{"href":"https:\/\/mm.lion-of-judah.net\/index.php?rest_route=\/wp\/v2\/pages"}],"about":[{"href":"https:\/\/mm.lion-of-judah.net\/index.php?rest_route=\/wp\/v2\/types\/page"}],"author":[{"embeddable":true,"href":"https:\/\/mm.lion-of-judah.net\/index.php?rest_route=\/wp\/v2\/users\/3"}],"replies":[{"embeddable":true,"href":"https:\/\/mm.lion-of-judah.net\/index.php?rest_route=%2Fwp%2Fv2%2Fcomments&post=182"}],"version-history":[{"count":2,"href":"https:\/\/mm.lion-of-judah.net\/index.php?rest_route=\/wp\/v2\/pages\/182\/revisions"}],"predecessor-version":[{"id":1456,"href":"https:\/\/mm.lion-of-judah.net\/index.php?rest_route=\/wp\/v2\/pages\/182\/revisions\/1456"}],"wp:attachment":[{"href":"https:\/\/mm.lion-of-judah.net\/index.php?rest_route=%2Fwp%2Fv2%2Fmedia&parent=182"}],"curies":[{"name":"wp","href":"https:\/\/api.w.org\/{rel}","templated":true}]}}