{"id":148,"date":"2015-12-26T16:26:29","date_gmt":"2015-12-26T15:26:29","guid":{"rendered":"http:\/\/www.lion-of-judah.eu\/mm\/?page_id=148"},"modified":"2026-01-20T14:37:01","modified_gmt":"2026-01-20T13:37:01","slug":"audio-files","status":"publish","type":"page","link":"https:\/\/mm.lion-of-judah.net\/?page_id=148","title":{"rendered":"Audio Files"},"content":{"rendered":"\n<p><strong>Hier findet ihr Gedanken, Andachten, Predigten &#8230;<\/strong><\/p>\n\n\n\n<p><a href=\"https:\/\/lion-of-judah.info\/download\/d\/audio\/forrest\/Go_in_my_Name.mp3\" target=\"_blank\" rel=\"noopener\">Ein Song von Forrest f\u00fcr Lion of Judah Motorcycle Ministry<\/a><\/p>\n\n\n\n<p><a href=\"https:\/\/lion-of-judah.info\/download\/d\/audio\/forrest\/behte-dein-herz.mp3\" target=\"_blank\" rel=\"noreferrer noopener\">Predigt von Forrest vom 13.10.2013 &#8211; Beh\u00fcte dein Herz!<\/a><\/p>\n\n\n\n<p><a href=\"https:\/\/lion-of-judah.info\/download\/d\/audio\/mexx\/2015_Mo_Mexx_Koch_Frueher_Junkie_Heute_Motorradpastor.mp3\" target=\"_blank\" rel=\"noreferrer noopener\">Fr\u00fcher Junkie &#8211; heute Motorradpastor, Mexx auf dem Pfingstjugendtreffen in Aidlingen 2015<\/a><\/p>\n\n\n\n<p><a href=\"https:\/\/lion-of-judah.info\/download\/d\/audio\/mexx\/koelnsued_2015_0927.mp3\" target=\"_blank\" rel=\"noreferrer noopener\">Predigt von Mexx in der Gemeinde K\u00f6ln S\u00fcd vom 27.09.2015<\/a><\/p>\n\n\n\n<p><strong>Predigten von Mexx \u00fcber den Epheserbrief:<\/strong><br><a href=\"https:\/\/lion-of-judah.info\/download\/d\/audio\/mexx\/koelnsued_2016_0221.mp3\" target=\"_blank\" rel=\"noreferrer noopener\">1. Der \u00fcberfliessende Segensfluss der Gnade Gottes (Eph 1,1-2)<\/a><br><a href=\"https:\/\/lion-of-judah.info\/download\/d\/audio\/mexx\/koelnsued_2016_0603.mp3\" target=\"_blank\" rel=\"noreferrer noopener\">2. Erw\u00e4hlung, Erl\u00f6sung, Versiegelung (Eph 1,3-14)<\/a><\/p>\n\n\n\n<p><a href=\"https:\/\/lion-of-judah.info\/download\/d\/audio\/mexx\/koelnsued_2016_0529.mp3\" target=\"_blank\" rel=\"noreferrer noopener\">Predigt von Mexx in der Gemeinde K\u00f6ln S\u00fcd vom 29.05.2016<\/a><\/p>\n\n\n\n<p><a href=\"https:\/\/lion-of-judah.info\/download\/d\/audio\/mexx\/koelnsued_2016_0710.mp3\" target=\"_blank\" rel=\"noreferrer noopener\">Predigt von Mexx in der Gemeinde K\u00f6ln S\u00fcd vom 10.07.2016<\/a><\/p>\n\n\n\n<p><a href=\"https:\/\/lion-of-judah.info\/download\/d\/audio\/mexx\/koelnsued_2016_0925.mp3\" target=\"_blank\" rel=\"noreferrer noopener\">Predigt von Mexx \u00fcber die Shoshbin Freundschaft<\/a><\/p>\n\n\n\n<p><a href=\"https:\/\/lion-of-judah.info\/download\/d\/audio\/mexx\/koelnsued_2016_1023.mp3\" target=\"_blank\" rel=\"noreferrer noopener\">Predigt von Mexx \u00fcber das Gebet das Jesus uns lehrte, das &#8222;Vaterunser<\/a><\/p>\n\n\n\n<p><a href=\"https:\/\/lion-of-judah.info\/download\/d\/audio\/mexx\/koelnsued_2017_0312.mp3\" target=\"_blank\" rel=\"noreferrer noopener\">Predigt von Mexx \u00fcber das Tabernakelgebet und die Stiftsh\u00fctte (Eph 6,24; 2,13) <\/a><\/p>\n\n\n\n<p><a href=\"https:\/\/lion-of-judah.info\/download\/d\/audio\/mexx\/koelnsued_2017_0618.mp3\" target=\"_blank\" rel=\"noreferrer noopener\">Predigt von Mexx \u00fcber Geistesgaben und Evangelisation <\/a><\/p>\n\n\n\n<p><a href=\"https:\/\/lion-of-judah.info\/download\/d\/audio\/mexx\/2017_07_01_Jedes_Spiel_kann_gedreht_werden.mp3\" target=\"_blank\" rel=\"noreferrer noopener\">Jedes Spiel kann gedreht werden &#8211; Predigt von Mexx auf dem M\u00e4nnertag <\/a><\/p>\n\n\n\n<p>&nbsp;<\/p>\n\n\n\n<p><\/p>\n","protected":false},"excerpt":{"rendered":"<p>Hier findet ihr Gedanken, Andachten, Predigten &#8230; Ein Song von Forrest f\u00fcr Lion of Judah Motorcycle Ministry Predigt von Forrest vom 13.10.2013 &#8211; Beh\u00fcte dein Herz! Fr\u00fcher Junkie &#8211; heute Motorradpastor, Mexx auf dem Pfingstjugendtreffen in Aidlingen 2015 Predigt von Mexx in der Gemeinde K\u00f6ln S\u00fcd vom 27.09.2015 Predigten von Mexx \u00fcber den Epheserbrief:1. Der [&hellip;]<\/p>\n","protected":false},"author":3,"featured_media":0,"parent":0,"menu_order":0,"comment_status":"closed","ping_status":"closed","template":"","meta":{"footnotes":""},"class_list":["post-148","page","type-page","status-publish","hentry"],"_links":{"self":[{"href":"https:\/\/mm.lion-of-judah.net\/index.php?rest_route=\/wp\/v2\/pages\/148","targetHints":{"allow":["GET"]}}],"collection":[{"href":"https:\/\/mm.lion-of-judah.net\/index.php?rest_route=\/wp\/v2\/pages"}],"about":[{"href":"https:\/\/mm.lion-of-judah.net\/index.php?rest_route=\/wp\/v2\/types\/page"}],"author":[{"embeddable":true,"href":"https:\/\/mm.lion-of-judah.net\/index.php?rest_route=\/wp\/v2\/users\/3"}],"replies":[{"embeddable":true,"href":"https:\/\/mm.lion-of-judah.net\/index.php?rest_route=%2Fwp%2Fv2%2Fcomments&post=148"}],"version-history":[{"count":8,"href":"https:\/\/mm.lion-of-judah.net\/index.php?rest_route=\/wp\/v2\/pages\/148\/revisions"}],"predecessor-version":[{"id":1547,"href":"https:\/\/mm.lion-of-judah.net\/index.php?rest_route=\/wp\/v2\/pages\/148\/revisions\/1547"}],"wp:attachment":[{"href":"https:\/\/mm.lion-of-judah.net\/index.php?rest_route=%2Fwp%2Fv2%2Fmedia&parent=148"}],"curies":[{"name":"wp","href":"https:\/\/api.w.org\/{rel}","templated":true}]}}