{"id":129,"date":"2015-12-24T11:51:54","date_gmt":"2015-12-24T10:51:54","guid":{"rendered":"http:\/\/www.lion-of-judah.eu\/mm\/?page_id=129"},"modified":"2018-09-18T14:21:03","modified_gmt":"2018-09-18T12:21:03","slug":"lebenszeugnis-von-mexx","status":"publish","type":"page","link":"https:\/\/mm.lion-of-judah.net\/?page_id=129","title":{"rendered":"Life of Mexx"},"content":{"rendered":"<p>Am dritten Februar 1956 erblickte ich das Licht der Welt. Meine Eltern sind streng katholisch und so wurde ich von klein auf mit dem religi\u00f6sen System konfrontiert. Ich habe einen Bruder der vier Jahre \u00e4lter. Aufgewachsen bin ich in einer althergebrachten Gro\u00dffamilie, das hei\u00dft Opa, Oma, Vater, Mutter und Bruder lebten unter einem Dach. Als ich f\u00fcnf Jahre alt war, starb mein Gro\u00dfvater an den Folgen seiner Kriegsgefangenschaft. Von jetzt an war meine Oma und meine Mutter dominant in Erziehungsfragen, da mein Vater im Schichtdienst t\u00e4tig war und nicht so regelm\u00e4\u00dfig Zeit f\u00fcr uns hatte.<br \/>\nIm Jahr 1970 fing ich an zu kiffen, Alkohol zu trinken und Schmerz-,sowie Schlaftabletten zu mir zu nehmen. Trotzdem schaffte ich 1972 meine mittlere Reife und anschlie\u00dfend sogar noch eine Lehre als technischer Zeichner. Eigentlich lebte ich nur noch f\u00fcr Party und Abenteuer, da ich die normale Welt mit all ihren Anforderungen zum Kotzen fand. Weiter nahm die Drogen- bzw. Suchtspirale ihren Lauf. Psychedelische Drogen wie Psylocobin, LSD und Meskalin waren meine Wochenend-Begleiter. 1975 nahm ich zum ersten Mal Kokain und ein Jahr sp\u00e4ter kam Heroin hinzu.<br \/>\nUm meinen stetig steigenden Konsum zu finanzieren, begann ich zu dealen und zu schmuggeln. Ich flog in den folgenden 10 Jahren durch die Weltgeschichte: Sri Lanka, Malediven, Thailand, S\u00fcdamerika und Skandinavien waren St\u00e4tten meines Wirkens. Um eine gute Tarnung zu haben gr\u00fcndete ich einen Reptilien Im- und Export.<\/p>\n<p><img loading=\"lazy\" decoding=\"async\" src=\"http:\/\/mm.lion-of-judah.net\/wp-content\/uploads\/sites\/3\/2018\/08\/mexxschlange.jpg\" alt=\"\" width=\"283\" height=\"393\" class=\"aligncenter size-full wp-image-1305\" srcset=\"https:\/\/mm.lion-of-judah.net\/wp-content\/uploads\/sites\/3\/2018\/08\/mexxschlange.jpg 283w, https:\/\/mm.lion-of-judah.net\/wp-content\/uploads\/sites\/3\/2018\/08\/mexxschlange-216x300.jpg 216w\" sizes=\"auto, (max-width: 283px) 100vw, 283px\" \/><\/p>\n<p>Ich hing nur mit &#8222;kaputten&#8220; Typen zusammen. Rocker, Dealer und Zuh\u00e4lter gaben sich die Klinke in die Hand. Nach au\u00dfen hin hatte ich alles, wovon manche Leute tr\u00e4umen, aber in mir war alles marode. 1986 wurde ich dann zu 2 1\/2 Jahren Knast verurteilt, obwohl ich nicht vorbestraft war, verheiratet war und eine 2 J\u00e4hrige Tochter und eine 5 J\u00e4hrige Stieftochter hatte.<\/p>\n<p>Mitten w\u00e4hrend der Haftzeit versuchte ich eine Drogentherapie zu durchlaufen. So um das Jahr 1987 herum. Da ich gef\u00fchlsm\u00e4\u00dfig jedoch so dicht war und niemanden an mich heranlassen konnte, brach ich die Therapie nach 3 Monaten ab und lie\u00df mich lieber wieder wegschlie\u00dfen.<\/p>\n<p>1989 kam ich &#8218;raus und war zwar k\u00f6rperlich entgiftet aber s\u00fcchtiger als je zuvor. Alles in mir schrie. Um die Wut, Trauer und den Verlust der verlorenen Jahre zu kompensieren fing ich an zu junken (Heroin und Kokain intraven\u00f6s zu nehmen).<br \/>\nVon meinem Geld war au\u00dfer ein Berg von Schulden nichts mehr \u00fcbrig geblieben. So rutschte ich immer tiefer in Kriminalit\u00e4t. Diebstahl und Einbruch waren nun an der Tagesordnung. 1991 versuchte ich einen erneuten Therapieversuch. Zwei Ehen waren bis dato schon gescheitert, da ich meine Partnerinnen betrog und von ihnen betrogen wurde.<br \/>\nIch verliebte mich in einer Entgiftung in ein junges 21j\u00e4hriges M\u00e4dchen, mit dem ich zusammen clean neu anfangen wollte. Nach 3 Monaten brachen wir die Therapie gemeinsam wegen unserer Kodependenz ab. Trotzdem schafften wir es fast ein halbes Jahr drogenfrei zu bleiben, tranken jedoch beide Alkohol. 1993 war es vorbei mit unserer Widerstandskraft und wir fingen wieder an zu junken. 1994 starb meine damalige Lebensgef\u00e4hrtin vor meinen Augen an einer \u00dcberdosis.<br \/>\nIch war so schockiert und hilflos, dass ich das erste Mal aus tiefster Seele zu Gott schrie. In den folgenden Monaten habe ich drei Suicidversuche unternommen. Kurz darauf kam ich in ein Methadonprogramm. Insgesamt habe ich drei Langzeittherapien angefangen, zw\u00f6lf station\u00e4re Entgiftungen sowie 30-40 Kaltentz\u00fcge hinter mir. Ich hatte Hepatitis &#8222;A&#8220;, &#8222;B&#8220; und &#8222;C&#8220; sowie einen Faustgro\u00dfen Tumor im Dickdarm.<br \/>\nJedenfalls bin ich 1995 zum ersten Mal in ein Gottesdienst gegangen: Total kaputt, v\u00f6llig verzweifelt und ohne eine m\u00fcde Mark. Ich wurde dort in meiner Zerrissenheit trotzdem angenommen und wertgesch\u00e4tzt. Jeder erz\u00e4hlte mir von der Liebe, die Jesus f\u00fcr mich hat.<br \/>\nNat\u00fcrlich konnte ich damit erst mal gar nichts anfangen, da ich durch meine vielen Reisen nur an Selbsterl\u00f6sung glaubte. Buddhismus; Hinduismus, Yoga ,Tantra und Esoterik waren meine Wellenl\u00e4nge.<br \/>\nAber ich war innerlich so zerst\u00f6rt, dass ich dachte: Wenn dieser Jesus wirklich Retter und Erl\u00f6ser f\u00fcr uns ist, probierst du das mal aus. 1996 lie\u00df ich mich nach meiner Bekehrung zusammen mit meiner Freundin Manu taufen. Wir hatten beide unabh\u00e4ngig voneinander Jesus am gleichen Tag unser Leben gegeben ohne auch nur im entferntesten zu wissen, was das wirklich bedeutet.<br \/>\n1998 machte ich meinen letzten Schuss Heroin und ein halbes Jahr sp\u00e4ter, genau am dritten Oktober, rauchte ich meine letzte Zigarette.<br \/>\n1999 haben Manu und ich vor Gott und den Menschen den Bund der Ehe geschlossen.<br \/>\nW\u00e4hrend meines Bibelstudiums machte ich Nachtdienst in einer Klinik f\u00fcr Drogenabh\u00e4ngige. Ist das nicht ein Wunder, nach 27 Jahren Drogenmissbrauch in einer Einrichtung f\u00fcr Suchtkranke arbeiten zu d\u00fcrfen?<br \/>\nMit 45 Jahren also begann ich 2001 eine Ausbildung zum Erzieher. Heute habe ich zusammen mit meiner wunderbaren Frau 2 gutgeratene vollkommen gesunde Kinder. Ich arbeitete als P\u00e4dagogischer Mitarbeiter in einem Jugenddorf f\u00fcr intensive individualp\u00e4dagogische Ma\u00dfnahmen. Nach einem Jahr Arbeit in einem Projekt EXTREME, ( ein Erprobungsmodell f\u00fcr Schwersterziehbare) , leiteten wir 4 Jahre lang das LJH-Ehrenfeld.<\/p>\n<p>In meinem Leben empfing ich gewaltige Heilung und Befreiung von Krankheit und Sucht. F\u00fcr mich wurde der Bibel Vers:<\/p>\n<p>\u201eWenn der Sohn dich freimacht, so bist du wahrhaftig frei.\u201c Zur Lebensgrundlage.<\/p>\n<p>Diese biblische Wahrheit durfte ich am eigenen Leibe erfahren und ich danke Gott, f\u00fcr mein neues unverdientes Leben. F\u00fcr Jesus gibt es kein zu kaputt oder zu verloren. Das Blut Jesu reinigt uns von jeder S\u00fcnde.<br \/>\nJeden neuen Tag danke ich meinem Jesus f\u00fcr das Geschenk seiner Gnade und erz\u00e4hle Menschen von dem lebendigen und wahren Gott. Da wo unsere Kraft versagt f\u00e4ngt sein \u00fcbernat\u00fcrliches Wirken gerade mal an. Ich konnte mir mein ganzes Leben nicht trauen, aber auf Jesus kann ich allezeit mein ganzes Vertrauen setzen. Er entt\u00e4uscht niemals. Halleluja!!!!!!<\/p>\n<p>In 2012 erneuerte Gott seine Ruf in die Arbeit unter Biker und stellte mich bei dem Lion of Judah MM, unter anderem als Pastor, in den Dienst um f\u00fcr andere da zu sein und sie zu unterst\u00fctzen.<\/p>\n<p>Falls Du einfach mal reden m\u00f6chtest kannst Du mir gerne unter <a href=\"mailto:Mexx@Lion-of-Judah.eu\">Mexx@Lion-of-Judah.eu<\/a> erreichen.<\/p>\n<p>&nbsp;<\/p>\n<p>&nbsp;<\/p>\n","protected":false},"excerpt":{"rendered":"<p>Am dritten Februar 1956 erblickte ich das Licht der Welt. Meine Eltern sind streng katholisch und so wurde ich von klein auf mit dem religi\u00f6sen System konfrontiert. Ich habe einen Bruder der vier Jahre \u00e4lter. Aufgewachsen bin ich in einer althergebrachten Gro\u00dffamilie, das hei\u00dft Opa, Oma, Vater, Mutter und Bruder lebten unter einem Dach. Als [&hellip;]<\/p>\n","protected":false},"author":3,"featured_media":0,"parent":0,"menu_order":0,"comment_status":"closed","ping_status":"closed","template":"","meta":{"footnotes":""},"class_list":["post-129","page","type-page","status-publish","hentry"],"_links":{"self":[{"href":"https:\/\/mm.lion-of-judah.net\/index.php?rest_route=\/wp\/v2\/pages\/129","targetHints":{"allow":["GET"]}}],"collection":[{"href":"https:\/\/mm.lion-of-judah.net\/index.php?rest_route=\/wp\/v2\/pages"}],"about":[{"href":"https:\/\/mm.lion-of-judah.net\/index.php?rest_route=\/wp\/v2\/types\/page"}],"author":[{"embeddable":true,"href":"https:\/\/mm.lion-of-judah.net\/index.php?rest_route=\/wp\/v2\/users\/3"}],"replies":[{"embeddable":true,"href":"https:\/\/mm.lion-of-judah.net\/index.php?rest_route=%2Fwp%2Fv2%2Fcomments&post=129"}],"version-history":[{"count":1,"href":"https:\/\/mm.lion-of-judah.net\/index.php?rest_route=\/wp\/v2\/pages\/129\/revisions"}],"predecessor-version":[{"id":1457,"href":"https:\/\/mm.lion-of-judah.net\/index.php?rest_route=\/wp\/v2\/pages\/129\/revisions\/1457"}],"wp:attachment":[{"href":"https:\/\/mm.lion-of-judah.net\/index.php?rest_route=%2Fwp%2Fv2%2Fmedia&parent=129"}],"curies":[{"name":"wp","href":"https:\/\/api.w.org\/{rel}","templated":true}]}}